{"id":37,"date":"2022-12-16T21:04:40","date_gmt":"2022-12-16T21:04:40","guid":{"rendered":"http:\/\/xaiconference.lucalongo.eu\/?page_id=37"},"modified":"2025-09-22T11:34:18","modified_gmt":"2025-09-22T11:34:18","slug":"conference-dinner","status":"publish","type":"page","link":"https:\/\/xaiworldconference.com\/2025\/conference-dinner\/","title":{"rendered":"Conference dinner"},"content":{"rendered":"\n<p class=\"has-large-font-size\"><strong>Le vapeur magique<\/strong><\/p>\n\n\n\n<p>Point of departure with the boat <a href=\"https:\/\/www.google.com\/maps?q=Le+Vapeur+Magique+-+TD%C4%B0+Karak%C3%B6y+%C4%B0skelesi,+Kemanke%C5%9F+Karamustafa+Pa%C5%9Fa,+R%C4%B1ht%C4%B1m+Cd.+No:2\/3,+34110+Beyo%C4%9Flu\/%C4%B0stanbul,+T%C3%BCrkiye&amp;ftid=0x14cab95e378b9d35:0x17049a492d0646b4&amp;entry=gps&amp;lucs=,94275415,94275313,94224825,94227247,94227248,94231188,47071704,47069508,94218641,94203019,47084304&amp;g_ep=CAISEjI1LjIzLjIuNzY2MzM3MjY5MBgAINeCAypjLDk0Mjc1NDE1LDk0Mjc1MzEzLDk0MjI0ODI1LDk0MjI3MjQ3LDk0MjI3MjQ4LDk0MjMxMTg4LDQ3MDcxNzA0LDQ3MDY5NTA4LDk0MjE4NjQxLDk0MjAzMDE5LDQ3MDg0MzA0QgJJVA%3D%3D&amp;skid=9f82e836-d9bb-4397-8938-2c76b979cf25&amp;g_st=iw\"><mark style=\"background-color:rgba(0, 0, 0, 0)\" class=\"has-inline-color has-vivid-red-color\">HERE<\/mark><\/a> (Kemanke\u015f Karamustafa Pa\u015fa, R\u0131ht\u0131m Cd. No:2\/3, 34110 Beyo\u011flu\/\u0130stanbul, T\u00fcrkiye)<\/p>\n\n\n\n<p><strong>Departure\/boat check-in time<\/strong>: between <mark style=\"background-color:rgba(0, 0, 0, 0)\" class=\"has-inline-color has-vivid-red-color\">19:50 and 20:00<\/mark><\/p>\n\n\n\n<p><strong>Note<\/strong>s: a shuttle bus is organised from the conference venue (<a href=\"https:\/\/xaiworldconference.com\/2025\/venue\/\" data-type=\"page\" data-id=\"5891\">here<\/a>) to the address above, at 18.00 (6pm), in the lobby, sharply. <em>The bus will not wait for people who are late<\/em> and who <em>need to reach the address above independently.<\/em><\/p>\n\n\n\n<p>The bus will wait for the end of the gala dinner at the pier and will bring people back to the conference venue.<\/p>\n\n\n\n<div class=\"wp-block-columns is-layout-flex wp-container-core-columns-is-layout-9d6595d7 wp-block-columns-is-layout-flex\">\n<div class=\"wp-block-column is-layout-flow wp-block-column-is-layout-flow\">\n<figure class=\"wp-block-image size-large\"><img loading=\"lazy\" decoding=\"async\" width=\"1024\" height=\"720\" src=\"https:\/\/xaiworldconference.com\/2025\/wp-content\/uploads\/2025\/06\/image-1024x720.png\" alt=\"\" class=\"wp-image-6005\" srcset=\"https:\/\/xaiworldconference.com\/2025\/wp-content\/uploads\/2025\/06\/image-1024x720.png 1024w, https:\/\/xaiworldconference.com\/2025\/wp-content\/uploads\/2025\/06\/image-300x211.png 300w, https:\/\/xaiworldconference.com\/2025\/wp-content\/uploads\/2025\/06\/image-768x540.png 768w, https:\/\/xaiworldconference.com\/2025\/wp-content\/uploads\/2025\/06\/image.png 1280w\" sizes=\"auto, (max-width: 1024px) 100vw, 1024px\" \/><\/figure>\n<\/div>\n\n\n\n<div class=\"wp-block-column is-layout-flow wp-block-column-is-layout-flow\">\n<figure class=\"wp-block-image size-large\"><img loading=\"lazy\" decoding=\"async\" width=\"1024\" height=\"731\" src=\"https:\/\/xaiworldconference.com\/2025\/wp-content\/uploads\/2025\/06\/image-1-1024x731.png\" alt=\"\" class=\"wp-image-6007\" srcset=\"https:\/\/xaiworldconference.com\/2025\/wp-content\/uploads\/2025\/06\/image-1-1024x731.png 1024w, https:\/\/xaiworldconference.com\/2025\/wp-content\/uploads\/2025\/06\/image-1-300x214.png 300w, https:\/\/xaiworldconference.com\/2025\/wp-content\/uploads\/2025\/06\/image-1-768x549.png 768w, https:\/\/xaiworldconference.com\/2025\/wp-content\/uploads\/2025\/06\/image-1.png 1050w\" sizes=\"auto, (max-width: 1024px) 100vw, 1024px\" \/><\/figure>\n<\/div>\n<\/div>\n\n\n\n<div class=\"wp-block-columns is-layout-flex wp-container-core-columns-is-layout-9d6595d7 wp-block-columns-is-layout-flex\">\n<div class=\"wp-block-column is-layout-flow wp-block-column-is-layout-flow\"><div class=\"wp-block-image\">\n<figure class=\"aligncenter size-large\"><img loading=\"lazy\" decoding=\"async\" width=\"1024\" height=\"731\" src=\"https:\/\/xaiworldconference.com\/2025\/wp-content\/uploads\/2025\/06\/image-2-1024x731.png\" alt=\"\" class=\"wp-image-6008\" srcset=\"https:\/\/xaiworldconference.com\/2025\/wp-content\/uploads\/2025\/06\/image-2-1024x731.png 1024w, https:\/\/xaiworldconference.com\/2025\/wp-content\/uploads\/2025\/06\/image-2-300x214.png 300w, https:\/\/xaiworldconference.com\/2025\/wp-content\/uploads\/2025\/06\/image-2-768x549.png 768w, https:\/\/xaiworldconference.com\/2025\/wp-content\/uploads\/2025\/06\/image-2.png 1050w\" sizes=\"auto, (max-width: 1024px) 100vw, 1024px\" \/><\/figure>\n<\/div><\/div>\n\n\n\n<div class=\"wp-block-column is-vertically-aligned-center is-layout-flow wp-block-column-is-layout-flow\">\n<figure class=\"wp-block-image size-full\"><img loading=\"lazy\" decoding=\"async\" width=\"661\" height=\"465\" src=\"https:\/\/xaiworldconference.com\/2025\/wp-content\/uploads\/2025\/06\/image-6.png\" alt=\"\" class=\"wp-image-6013\" srcset=\"https:\/\/xaiworldconference.com\/2025\/wp-content\/uploads\/2025\/06\/image-6.png 661w, https:\/\/xaiworldconference.com\/2025\/wp-content\/uploads\/2025\/06\/image-6-300x211.png 300w\" sizes=\"auto, (max-width: 661px) 100vw, 661px\" \/><\/figure>\n<\/div>\n<\/div>\n\n\n\n<div class=\"wp-block-columns is-layout-flex wp-container-core-columns-is-layout-9d6595d7 wp-block-columns-is-layout-flex\">\n<div class=\"wp-block-column is-layout-flow wp-block-column-is-layout-flow\">\n<figure class=\"wp-block-image size-large\"><img loading=\"lazy\" decoding=\"async\" width=\"1024\" height=\"720\" src=\"https:\/\/xaiworldconference.com\/2025\/wp-content\/uploads\/2025\/06\/image-9-1024x720.png\" alt=\"\" class=\"wp-image-6019\" srcset=\"https:\/\/xaiworldconference.com\/2025\/wp-content\/uploads\/2025\/06\/image-9-1024x720.png 1024w, https:\/\/xaiworldconference.com\/2025\/wp-content\/uploads\/2025\/06\/image-9-300x211.png 300w, https:\/\/xaiworldconference.com\/2025\/wp-content\/uploads\/2025\/06\/image-9-768x540.png 768w, https:\/\/xaiworldconference.com\/2025\/wp-content\/uploads\/2025\/06\/image-9.png 1280w\" sizes=\"auto, (max-width: 1024px) 100vw, 1024px\" \/><\/figure>\n<\/div>\n\n\n\n<div class=\"wp-block-column is-layout-flow wp-block-column-is-layout-flow\">\n<figure class=\"wp-block-image size-full\"><img loading=\"lazy\" decoding=\"async\" width=\"720\" height=\"480\" src=\"https:\/\/xaiworldconference.com\/2025\/wp-content\/uploads\/2025\/06\/image-5.png\" alt=\"\" class=\"wp-image-6011\" srcset=\"https:\/\/xaiworldconference.com\/2025\/wp-content\/uploads\/2025\/06\/image-5.png 720w, https:\/\/xaiworldconference.com\/2025\/wp-content\/uploads\/2025\/06\/image-5-300x200.png 300w\" sizes=\"auto, (max-width: 720px) 100vw, 720px\" \/><\/figure>\n<\/div>\n<\/div>\n","protected":false},"excerpt":{"rendered":"<p>Le vapeur magique Point of departure with the boat HERE (Kemanke\u015f Karamustafa Pa\u015fa, R\u0131ht\u0131m Cd. No:2\/3, 34110 Beyo\u011flu\/\u0130stanbul, T\u00fcrkiye) Departure\/boat check-in time: between 19:50 and 20:00 Notes: a shuttle bus is organised from the conference venue (here) to the address above, at 18.00 (6pm), in the lobby, sharply. The bus will not wait for people &hellip; <\/p>\n","protected":false},"author":1,"featured_media":0,"parent":0,"menu_order":0,"comment_status":"closed","ping_status":"closed","template":"","meta":{"_eb_attr":"","footnotes":""},"class_list":["post-37","page","type-page","status-publish","hentry"],"_links":{"self":[{"href":"https:\/\/xaiworldconference.com\/2025\/wp-json\/wp\/v2\/pages\/37","targetHints":{"allow":["GET"]}}],"collection":[{"href":"https:\/\/xaiworldconference.com\/2025\/wp-json\/wp\/v2\/pages"}],"about":[{"href":"https:\/\/xaiworldconference.com\/2025\/wp-json\/wp\/v2\/types\/page"}],"author":[{"embeddable":true,"href":"https:\/\/xaiworldconference.com\/2025\/wp-json\/wp\/v2\/users\/1"}],"replies":[{"embeddable":true,"href":"https:\/\/xaiworldconference.com\/2025\/wp-json\/wp\/v2\/comments?post=37"}],"version-history":[{"count":18,"href":"https:\/\/xaiworldconference.com\/2025\/wp-json\/wp\/v2\/pages\/37\/revisions"}],"predecessor-version":[{"id":6090,"href":"https:\/\/xaiworldconference.com\/2025\/wp-json\/wp\/v2\/pages\/37\/revisions\/6090"}],"wp:attachment":[{"href":"https:\/\/xaiworldconference.com\/2025\/wp-json\/wp\/v2\/media?parent=37"}],"curies":[{"name":"wp","href":"https:\/\/api.w.org\/{rel}","templated":true}]}}